{"id":7075,"date":"2025-03-12T18:04:57","date_gmt":"2025-03-12T21:04:57","guid":{"rendered":"https:\/\/www.primola.com.br\/?page_id=7075"},"modified":"2025-06-15T14:54:10","modified_gmt":"2025-06-15T17:54:10","slug":"solucoes","status":"publish","type":"page","link":"https:\/\/www.primola.com.br\/?page_id=7075","title":{"rendered":"Solu\u00e7\u00f5es"},"content":{"rendered":"<section class=\"row-equal-height brando-row-1 row-content-top position-relative no-margin-tb xs-margin-ten-bottom\"><div class=\"container brando-row-flex\"><div class=\"wpb_column brando-column-container brando-column-1 vc_col-sm-12 col-xs-mobile-fullwidth margin-six-bottom xs-margin-six-bottom\" data-front-class=\"brando-column-container brando-column-1 col-xs-mobile-fullwidth margin-six-bottom xs-margin-six-bottom\"><div class=\"vc-column-innner-wrapper\"><div class=\"wpd-innner-wrapper\"><h2 class=\"alt-font font-weight-700 title-thick-underline border-color-fast-yellow display-inline-block  black-text heading-style4 margin-six-bottom xs-margin-fifteen-bottom brando-heading-1\" style=\"border-color:#9E194B !important;\">Solu\u00e7\u00f5es<\/h2><div class=\"brando-inner-row-1 brando-inner-row-class\"><div class=\"wpb_column brando-column-container brando-column-2 vc_col-sm-6 col-xs-mobile-fullwidth\" data-front-class=\"brando-column-container brando-column-2 col-xs-mobile-fullwidth\"><div class=\"vc-column-innner-wrapper\"><div class=\"wpd-innner-wrapper\"><img loading=\"lazy\" decoding=\"async\" width=\"85\" height=\"85\" src=\"https:\/\/www.primola.com.br\/wp-content\/uploads\/2025\/01\/icone01.png\" class=\"icon-image margin-five-bottom xs-margin-two-bottom\" alt=\"\" \/><span class=\"font-weight-700 text-uppercase display-block alt-font margin-three-bottom\" style=\"color:#000000 !important;\">produtos de limpeza<\/span><p>Temos solu\u00e7\u00f5es inteligentes e inovadoras que entregam fragr\u00e2ncias com conceito e funcionalidade para o cuidado com o lar. Com vasta experi\u00eancia na categoria, a Pr\u00edmola hoje perfuma uma s\u00e9rie de itens de consumo do lar.<\/p>\n<p>Na lavanderia possu\u00edmos expertise em fragr\u00e2ncias para LAVA-ROUPAS L\u00cdQUIDO, AMACIANTES DILU\u00cdDOS, AMACIANTES CONCENTRADOS, LAVA-ROUPAS EM P\u00d3, INTENSIFICADORES DE PERFUME, ALVEJANTES, entre outros. Possu\u00edmos solu\u00e7\u00f5es inovadoras para produtos de Laundry, tais como tecnologia de combate ao mau odor, aplica\u00e7\u00f5es de c\u00e1psulas perfumadas para uma perfuma\u00e7\u00e3o mais duradoura, fragr\u00e2ncias que entregam benef\u00edcios de melhoria do bem-estar, entre outras.<\/p>\n<p>Outra categoria s\u00e3o os limpadores de superf\u00edcies, tais como DESINFETANTES, LIMPADORES PERFUMADOS, LIMPADORES PERFUMADOS CONCENTRADOS, MULTIUSOS, DESENGORDURANTES, SAPON\u00c1CEOS, LIMPA-VIDROS, POLIDORES, entre outros. Estes itens possuem tanto tecnologias funcionais de combate ao mau odor, como tamb\u00e9m tecnologias que entregam benef\u00edcios de melhoria do bem-estar.<\/p>\n<p>A Pr\u00edmola tamb\u00e9m possui ampla experi\u00eancia no desenvolvimento de fragr\u00e2ncias para DETERGENTES LAVA-LOU\u00c7AS e diversos itens para a cozinha. Em suma, as necessidades do MERCADO DE SANEANTES s\u00e3o amplamente solucionadas com as nossas fragr\u00e2ncias e tecnologias, agregando valor ao produto dos nossos clientes nas g\u00f4ndolas de supermercados.<\/p>\n<img loading=\"lazy\" decoding=\"async\" width=\"85\" height=\"85\" src=\"https:\/\/www.primola.com.br\/wp-content\/uploads\/2025\/01\/icone04.png\" class=\"icon-image margin-five-bottom xs-margin-two-bottom\" alt=\"\" \/><span class=\"font-weight-700 text-uppercase display-block alt-font margin-three-bottom\" style=\"color:#000000 !important;\">Air care<\/span><p>O CUIDADO COM O AMBIENTE tem crescido no decorrer dos \u00faltimos anos, virando uma tend\u00eancia nos lares do pa\u00eds. A Pr\u00edmola possui um amplo portf\u00f3lio de fragr\u00e2ncias para os principais itens de consumo desta categoria, tais como: AROMATIZANTES DE AMBIENTES, DIFUSORES DE AMBIENTES, VELAS AROM\u00c1TICAS, \u00c1GUAS DE LEN\u00c7\u00d3IS, entre outros. Estas categorias recebem tamb\u00e9m ingredientes com tecnologias que trazem benef\u00edcio para o dia a dia do seu lar, melhorando o humor, bem-estar e a prote\u00e7\u00e3o do lar.<\/p>\n<p>Atualmente, temos visto uma crescente de novos produtos de cuidados com o ambiente, desenvolvidos por marcas de renome no setor de Saneantes e Produtos de Limpeza, com linhas mais funcionais e com pre\u00e7os mais competitivos. Assim como em outras categorias, \u00e9 poss\u00edvel ver marcas de distribui\u00e7\u00e3o em massa para os grandes varejos, marcas de semi-prest\u00edgio e marcas de prest\u00edgio e luxo de car\u00e1ter presente\u00e1vel.<\/p>\n<img loading=\"lazy\" decoding=\"async\" width=\"85\" height=\"85\" src=\"https:\/\/www.primola.com.br\/wp-content\/uploads\/2025\/01\/icone02.png\" class=\"icon-image margin-five-bottom xs-margin-two-bottom\" alt=\"\" \/><span class=\"font-weight-700 text-uppercase display-block alt-font margin-three-bottom\" style=\"color:#000000 !important;\">Perfumaria Fina<\/span><p>A categoria de PERFUMARIA FINA tem exigido as melhores fragr\u00e2ncias e inspira\u00e7\u00f5es internacionais. O mercado da moda dita as tend\u00eancias de consumo de luxo e prest\u00edgio e a Pr\u00edmola se mantem atualizada com os novos direcionamentos das grandes casas de perfumaria de todo mundo. Na Europa, em especial na Fran\u00e7a, Alemanha, Reino Unido e It\u00e1lia, este mercado se desenvolve a todo instante no esfor\u00e7o de acompanhar a movimenta\u00e7\u00e3o do consumidor. Novos perfumes ou releituras de perfumes conhecidos s\u00e3o inseridos no mercado a todo instante, bem como as mudan\u00e7as de h\u00e1bito quanto \u00e0s prefer\u00eancias de concentra\u00e7\u00e3o aplicada no perfume. Atualmente tem surgido muitas releituras flankers em aplica\u00e7\u00e3o elixir, ou seja, superior a 40% de concentra\u00e7\u00e3o da fragr\u00e2ncia. Contudo, as demais concentra\u00e7\u00f5es conhecidas ainda mant\u00eam um mercado consolidado.<\/p>\n<p>As rotas olfativas t\u00eam se modernizado com recentes nuances e inova\u00e7\u00f5es focadas nas atuais gera\u00e7\u00f5es de consumo. Em contrapartida, vemos a consolida\u00e7\u00e3o de rotas atemporais que se mesclam \u00e0s novidades, ressignificando as tend\u00eancias olfativas do mercado e as assinaturas de novos r\u00f3tulos de perfume no mercado. Os meios de comunica\u00e7\u00e3o, as m\u00eddias sociais e, sobretudo, os novos h\u00e1bitos de compra, tem catalisado as movimenta\u00e7\u00f5es vibrantes e en\u00e9rgicas deste mercado glamouroso.<\/p>\n<\/div><\/div><\/div><div class=\"wpb_column brando-column-container brando-column-3 vc_col-sm-6 col-xs-mobile-fullwidth\" data-front-class=\"brando-column-container brando-column-3 col-xs-mobile-fullwidth\"><div class=\"vc-column-innner-wrapper\"><div class=\"wpd-innner-wrapper\"><img loading=\"lazy\" decoding=\"async\" width=\"85\" height=\"85\" src=\"https:\/\/www.primola.com.br\/wp-content\/uploads\/2025\/01\/icone03.png\" class=\"icon-image margin-five-bottom xs-margin-two-bottom\" alt=\"\" \/><span class=\"font-weight-700 text-uppercase display-block alt-font margin-three-bottom\" style=\"color:#000000 !important;\">Cosm\u00e9ticos e Higiene Pessoal<\/span><p>As categorias de Cosm\u00e9tico e Higiene Pessoal representam um universo vasto, repleto de oportunidades para inova\u00e7\u00e3o e diferencia\u00e7\u00e3o. Categorias de Hair Care (Cuidado Capilar), Skin Care (Cuidado com a Pele) e Body Care (Cuidado Corporal) abrigam um portf\u00f3lio diversificado de produtos como shampoos, condicionadores, cremes e lo\u00e7\u00f5es hidratantes, que exigem alto desempenho, seguran\u00e7a e inova\u00e7\u00e3o. Para garantir a excel\u00eancia, \u00e9 fundamental estar em conformidade com as normas internacionais que regem o uso de produtos em contato direto com a pele. A Pr\u00edmola atende plenamente a essas exig\u00eancias, tais como testes dermatol\u00f3gicos e alerg\u00eanicos.<\/p>\n<p>Com consumidores cada vez mais exigentes e marcas investindo em nichos altamente especializados, cresce a demanda por solu\u00e7\u00f5es funcionais, sensoriais e personalizadas.<\/p>\n<img loading=\"lazy\" decoding=\"async\" width=\"85\" height=\"85\" src=\"https:\/\/www.primola.com.br\/wp-content\/uploads\/2025\/01\/icone05.png\" class=\"icon-image margin-five-bottom xs-margin-two-bottom\" alt=\"\" \/><span class=\"font-weight-700 text-uppercase display-block alt-font margin-three-bottom\" style=\"color:#000000 !important;\">PET CARE<\/span><p>A categoria de produtos de CUIDADO PET tem passado por uma revolu\u00e7\u00e3o com produtos com maior valor agregado e com mais tecnologia e inova\u00e7\u00e3o. S\u00e3o amplos os itens de consumo desta categoria e com uma vasta possibilidade de desenvolvimento. Al\u00e9m disso, \u00e9 uma categoria que exige normas internacionais, as quais a Pr\u00edmola mantem-se em plena conformidade com as regras das institui\u00e7\u00f5es sanit\u00e1rias. As novas gera\u00e7\u00f5es t\u00eam incentivado a cria\u00e7\u00e3o de novos produtos deste segmento, o que amplia consideravelmente o portf\u00f3lio de aplica\u00e7\u00f5es, bem como, a tend\u00eancia de crescimento deste setor para os anos seguintes.<\/p>\n<img loading=\"lazy\" decoding=\"async\" width=\"85\" height=\"85\" src=\"https:\/\/www.primola.com.br\/wp-content\/uploads\/2025\/01\/icone06.png\" class=\"icon-image margin-five-bottom xs-margin-two-bottom\" alt=\"\" \/><span class=\"font-weight-700 text-uppercase display-block alt-font margin-three-bottom\" style=\"color:#000000 !important;\">Lojas de Revenda<\/span><p>A demanda por fragr\u00e2ncia em pequenas por\u00e7\u00f5es \u00e9 muito grande no mercado de Casas de Revenda de Ess\u00eancias. Existe um varejo muito grande desses itens e, portanto, a Pr\u00edmola desenvolveu um modelo de fornecimento para esse tipo de clientes, com fragr\u00e2ncias hidrossol\u00faveis, lipossol\u00faveis, concentradas e fragr\u00e2ncias puras ou cora\u00e7\u00e3o. \u00c9 poss\u00edvel adquirir fragr\u00e2ncias com inspira\u00e7\u00f5es nacionais e internacionais, tanto de perfumaria, como de cuidado com o ambiente para que possam ser devidamente porcionadas para a venda direta no varejo.<\/p>\n<\/div><\/div><\/div><\/div><\/div><\/div><\/div><\/div><\/section>\n","protected":false},"excerpt":{"rendered":"<p>Solu\u00e7\u00f5esprodutos de limpezaTemos solu\u00e7\u00f5es inteligentes e inovadoras que entregam fragr\u00e2ncias com conceito e funcionalidade para o cuidado com o lar. Com vasta experi\u00eancia na categoria, a Pr\u00edmola hoje perfuma uma s\u00e9rie de itens de consumo do lar. Na lavanderia possu\u00edmos expertise em fragr\u00e2ncias para LAVA-ROUPAS L\u00cdQUIDO, AMACIANTES DILU\u00cdDOS, AMACIANTES CONCENTRADOS, LAVA-ROUPAS EM P\u00d3, INTENSIFICADORES DE [&hellip;]<\/p>\n","protected":false},"author":1,"featured_media":7110,"parent":0,"menu_order":0,"comment_status":"closed","ping_status":"closed","template":"","meta":{"footnotes":""},"class_list":["post-7075","page","type-page","status-publish","has-post-thumbnail","hentry"],"_links":{"self":[{"href":"https:\/\/www.primola.com.br\/index.php?rest_route=\/wp\/v2\/pages\/7075","targetHints":{"allow":["GET"]}}],"collection":[{"href":"https:\/\/www.primola.com.br\/index.php?rest_route=\/wp\/v2\/pages"}],"about":[{"href":"https:\/\/www.primola.com.br\/index.php?rest_route=\/wp\/v2\/types\/page"}],"author":[{"embeddable":true,"href":"https:\/\/www.primola.com.br\/index.php?rest_route=\/wp\/v2\/users\/1"}],"replies":[{"embeddable":true,"href":"https:\/\/www.primola.com.br\/index.php?rest_route=%2Fwp%2Fv2%2Fcomments&post=7075"}],"version-history":[{"count":40,"href":"https:\/\/www.primola.com.br\/index.php?rest_route=\/wp\/v2\/pages\/7075\/revisions"}],"predecessor-version":[{"id":7219,"href":"https:\/\/www.primola.com.br\/index.php?rest_route=\/wp\/v2\/pages\/7075\/revisions\/7219"}],"wp:featuredmedia":[{"embeddable":true,"href":"https:\/\/www.primola.com.br\/index.php?rest_route=\/wp\/v2\/media\/7110"}],"wp:attachment":[{"href":"https:\/\/www.primola.com.br\/index.php?rest_route=%2Fwp%2Fv2%2Fmedia&parent=7075"}],"curies":[{"name":"wp","href":"https:\/\/api.w.org\/{rel}","templated":true}]}}